 99, 0 = 5*q - q - 4*f + 228. Let l = -39 - q. Calculate the greatest common factor of l and 15.
15
Suppose -350 - 249 = -2*r - j, 0 = 3*r - 5*j - 905. Calculate the highest common divisor of 180 and r.
60
Suppose 38*r - 42*r + 24 = 0. Suppose r*p + 164 = 794. Calculate the highest common divisor of 15 and p.
15
Suppose 66*z - 4305 = -y + 69*z, -3*z = 9. What is the highest common factor of 24 and y?
24
Let b(m) = m**3 - 3*m**2 - 6*m + 2. Let t be b(5). Let d = t - -188. Let u be 5/2*d/25. Calculate the greatest common divisor of 189 and u.
21
Suppose 2*z = 3*a + 309, -2*z + 9*a = 4*a - 307. Let y be z/(-9)*((-18)/4)/1. Calculate the greatest common factor of y and 52.
26
Let m(h) = h**2 + 10*h + 6. Let x be m(-9). Let a be 2 - (3/x - 2). Suppose -15 = 3*j - 45. What is the greatest common divisor of j and a?
5
Let y(p) = p**3 - 2*p**2 - 10*p + 30. Let j be y(4). Calculate the greatest common factor of 297 and j.
11
Let r = -8 - -10. Let o be ((-2)/4)/(3/42). Let u = o - -13. What is the highest common factor of r and u?
2
Let k be (-2056)/(-120) + 2/(-15). Suppose -8*b + 3 = -5. Calculate the highest common divisor of b and k.
1
Suppose 2*u + 12 = 3*u. Let b(t) = t**3 + 7*t**2 - 10*t - 13. Let i be b(-8). Calculate the greatest common divisor of u and i.
3
Let c(w) = -w**2 - 14*w - 6. Let u be c(-13). Suppose 122 = -u*x + 465. What is the greatest common divisor of 147 and x?
49
Let f be -6 - (-66)/12 - 99/(-6). Calculate the highest common divisor of f and 504.
8
Let s be 50/(7 + 45/(-10)). Calculate the highest common factor of 110 and s.
10
Let v = 51 - 47. Suppose -v*d + 60 = -0*d. What is the greatest common divisor of d and 15?
15
Let n = -16 + 21. Suppose -699 - 676 = -n*b. What is the greatest common factor of 55 and b?
55
Suppose 0 = 4*z + 5*w - 2196, 5*z + 4*w - 8*w = 2704. Calculate the greatest common factor of 64 and z.
32
Suppose n + 3*u - 24 = 0, -67 = -5*n - 2*u - 12. What is the greatest common divisor of n and 243?
9
Suppose -5*x + 5*c = -3 - 37, 0 = -3*x + c + 28. Let d be (x/8)/(-3 - 39/(-12)). What is the highest common divisor of 35 and d?
5
Let h = 6027 + -2742. Calculate the highest common divisor of h and 73.
73
Suppose 4*j = 419 + 373. Suppose 2*n = -k - k + j, -3*k + 301 = 2*n. Let z = k + 47. Calculate the highest common divisor of z and 25.
25
Let c = -1451 - -2135. Calculate the greatest common divisor of 18 and c.
18
Let i = -24 - -36. Suppose b - h - 5 + 0 = 0, 0 = 4*h + i. Suppose 0 - 18 = -b*a. What is the highest common factor of 27 and a?
9
Let p(u) be the first derivative of u**3/3 + 3*u**2/2 + 10*u + 12. Let i be p(-5). What is the highest common factor of i and 2?
2
Let d = -590 + 630. What is the highest common divisor of 25 and d?
5
Suppose k + 8*v - 6*v - 42 = 0, 5*k - 203 = -3*v. Calculate the highest common divisor of 200 and k.
40
Let s = -243 + 242. Let j be 4/1 + (4 - (s + 3)). Suppose 5*x - 50 - 29 = l, -5*l = x + 5. Calculate the highest common divisor of j and x.
3
Suppose -1046 = -3*s - n - 160, 0 = 4*s + 3*n - 1188. Suppose -54*y + 51*y + s = 0. What is the highest common divisor of 14 and y?
14
Suppose -6 = 2*k - 14. Let t be k/(-14)*(-30 + 16). Let h be 570/(-1 + t) + 2. What is the greatest common factor of 24 and h?
24
Suppose 8*y + 4 = 10*y. Suppose -c = -j - y*c + 52, -244 = -5*j - c. What is the highest common factor of j and 120?
24
Suppose -f = 3*f - 8. Suppose -f*z = 5*u + 4, 5*z + 9 = -u - 1. Let o be ((-14)/8)/(z/16). Calculate the greatest common divisor of o and 56.
14
Let x = 4 - -124. Let o be ((-144)/90)/(1/(-20)). What is the greatest common factor of o and x?
32
Suppose -16 = -4*l - 0*l. Let m = l - -5. Let z = 175 - 157. What is the greatest common factor of m and z?
9
Let w be (-96)/(-21) + (-12)/21. Suppose -f + w*f - 168 = 0. Calculate the highest common divisor of f and 14.
14
Suppose 3*n + n + 5*x = 46, -4*x = 4*n - 48. Suppose 8*y - 5*y = 378. Let z be ((-2)/2)/((-3)/y). Calculate the highest common factor of z and n.
14
Let p = 43 - 33. What is the highest common divisor of 270 and p?
10
Suppose 4*r = -2*o + 424 + 398, o = -r + 206. Calculate the highest common factor of r and 35.
5
Let y = -341 + 413. Calculate the greatest common factor of y and 492.
12
Let h be (-15 - -5)*16/(-10). Suppose 2*g - h = -2*g + 4*m, 0 = 2*g + 2*m - 16. Calculate the greatest common factor of 54 and g.
6
Let y be 136 + ((-2)/2 - -1). Let c(u) = -u**2 - 22*u - 40. Let n be c(-19). What is the highest common divisor of y and n?
17
Let y(h) = h**2 + 74*h - 7. Let m be y(-75). Let p be 1 - -1*1*33. Calculate the greatest common divisor of m and p.
34
Suppose -28 = -p - 4*i, 5*p = -2*i + 227 - 69. Let b(y) = 4*y + 15. Let m be b(-6). Let d be (m - -5)/(-2 + 1). Calculate the highest common factor of p and d.
4
Let u(m) = 6*m**2. Let c be u(2). Let h be 160 - -2 - (-16 + 10). Calculate the greatest common divisor of h and c.
24
Suppose 11934 = 6*q + 21*q. What is the highest common factor of q and 26?
26
Let t = 38 - 124. Let k = -6 - t. Suppose -6*o + 2*o + 40 = 0. Calculate the highest common factor of k and o.
10
Let v be ((-28)/(-6) + -4)/(2/6123). Calculate the greatest common divisor of v and 13.
13
Let p(u) be the first derivative of -25*u**2/2 - 26*u + 7. Let r be p(-5). Calculate the highest common divisor of 11 and r.
11
Suppose -2*t + 276 = 3*t - 3*z, 3*t = z + 164. Calculate the highest common divisor of t and 2322.
54
Let w(l) = 7*l**3 - 10*l**2 - 8*l + 9. Let u be w(4). Calculate the greatest common divisor of u and 53.
53
Suppose -z = 19*c - 21*c + 31, 0 = -5*c + z + 70. What is the greatest common divisor of 208 and c?
13
Let f = -90 - -150. Let d(v) = v**3 + 7*v**2 - 4*v + 6. Let s be d(-8). Let q be 1 + -2 - (1 + s). What is the greatest common divisor of q and f?
12
Suppose 5*t = 17*t - 84. Suppose t*j - 946 = 1749. What is the greatest common divisor of j and 35?
35
Let k = -15390 + 15558. Let j(w) = 7*w. Let v be j(3). What is the greatest common divisor of k and v?
21
Let f = 33 + -3. Calculate the greatest common divisor of f and 45.
15
Let a = -2 - -11. Let x(n) = 3*n**2 + 9*n + 9. Suppose 27 = -4*l + 3*q - 3, q = 4*l + 26. Let p be x(l). What is the greatest common factor of p and a?
9
Let n(q) = q**2 - 17*q - 15. Let g be n(18). Suppose r = x + g*x + 68, 5*x - 97 = -2*r. Calculate the highest common factor of r and 16.
8
Suppose c - 2*f - 20 = 0, -6*f + 3*f = 2*c - 5. What is the highest common divisor of 30 and c?
10
Let t(k) = 36*k - 4. Let d be t(1). What is the greatest common divisor of d and 256?
32
Let b = 547 + -512. Suppose -3*l = -199 - 11. Calculate the greatest common factor of b and l.
35
Suppose 495 = -0*m + 3*m. Let o(z) = z**2 - 8*z - 10. Let n be o(-5). Let u = n + m. What is the greatest common factor of 20 and u?
20
Let k(u) = -u**3 + 12*u**2 - u + 15. Let y = 36 + -24. Let r be k(y). Suppose 72 = -r*m + 7*m. Calculate the highest common factor of m and 6.
6
Let i(x) = x**3 + 5*x**2 - x - 5. Let m be i(-4). Suppose m*a = 16*a - 14. Calculate the greatest common divisor of 21 and a.
7
Let y(k) = -k - 35. Let t be y(-12). Let d = t - -41. What is the greatest common divisor of d and 27?
9
Suppose 19 - 1 = 3*f. Let h(m) be the first derivative of -m**3/3 + 12*m**2 + 31*m - 29. Let p be h(23). What is the highest common factor of f and p?
6
Let z be 33/(-1)*5*3/(-9). What is the greatest common factor of 440 and z?
55
Let k(c) = -c**2 - 27*c + 594. Let z be k(14). Let r be ((-8)/10)/((-5)/25). What is the greatest common factor of z and r?
4
Suppose 4*b - 5*j - 28 = -7*j, b - 3*j - 21 = 0. Let t = 28 + 8. What is the greatest common factor of b and t?
9
Suppose -5*n + 16*l = 14*l - 281, -3*n = -2*l - 171. What is the greatest common factor of n and 22?
11
Let v(w) = 24*w**2 + 25*w + 13. Let l be v(-3). Calculate the greatest common divisor of 14 and l.
14
Let i(m) = 2*m**2 + 67*m - 29. Let n be i(-34). Let y = 13 - 19. Let b be 2/(-6) + (-122)/y. Calculate the highest common factor of b and n.
5
Let j(c) = -c**3 - 6*c**2 - 2*c - 9. Let n be j(-6). Let a be (-16)/n*(6 + -54). Calculate the highest common divisor of 32 and a.
32
Suppose 57 = -4*x - 5*n, -n = 5*x + 4*n + 65. Let d = x + 19. Suppose -2*l = 5*y - 19 - 4, -2*y = -l - d. Calculate the 